mmon divisor of 1204 and 254646.
602
What is the greatest common factor of 10 and 426220?
10
What is the highest common factor of 527620 and 11914?
1702
Calculate the greatest common factor of 450 and 101898.
18
Calculate the highest common factor of 673 and 582145.
673
Calculate the highest common divisor of 319 and 3336421.
319
Calculate the greatest common divisor of 1188 and 59076.
108
What is the highest common factor of 629706 and 168?
42
Calculate the highest common divisor of 1938 and 192882.
102
Calculate the highest common factor of 5600 and 1900.
100
Calculate the greatest common divisor of 315 and 5718615.
105
Calculate the highest common divisor of 199070 and 380.
10
What is the highest common divisor of 1047462 and 2366?
338
Calculate the highest common divisor of 1157 and 21271.
89
Calculate the greatest common divisor of 6804 and 1400.
28
Calculate the highest common factor of 361621 and 117.
13
Calculate the greatest common divisor of 105 and 198933.
21
What is the highest common divisor of 585 and 76960?
65
Calculate the greatest common divisor of 195 and 195663.
39
Calculate the highest common divisor of 159292 and 252.
28
Calculate the greatest common factor of 200 and 17560.
40
What is the greatest common divisor of 11 and 2042216?
11
Calculate the highest common factor of 68 and 193324.
68
Calculate the greatest common factor of 921 and 46357.
307
Calculate the highest common factor of 2000 and 21920.
80
What is the highest common factor of 1806 and 180901?
301
What is the greatest common divisor of 276 and 36018?
138
Calculate the highest common factor of 121813 and 5611.
181
What is the highest common divisor of 6250 and 45?
5
Calculate the greatest common factor of 165 and 40320.
15
What is the greatest common factor of 10 and 3508?
2
What is the greatest common factor of 200548 and 6516?
724
What is the greatest common factor of 7 and 392609?
7
What is the greatest common factor of 148078 and 3136?
98
Calculate the highest common divisor of 1180 and 195.
5
Calculate the greatest common factor of 6048 and 312.
24
Calculate the greatest common divisor of 21229 and 36478.
299
What is the highest common factor of 668275 and 50?
25
Calculate the greatest common divisor of 1552 and 704.
16
Calculate the greatest common divisor of 116 and 634172.
116
What is the highest common factor of 256 and 868096?
256
What is the greatest common divisor of 1494 and 17098?
166
What is the greatest common factor of 368 and 837808?
16
Calculate the greatest common divisor of 3640 and 4260.
20
What is the highest common divisor of 4736555 and 185?
185
Calculate the greatest common factor of 103 and 48307.
103
What is the greatest common factor of 236 and 520852?
236
Calculate the greatest common divisor of 1012 and 25157.
11
What is the greatest common divisor of 71144 and 4?
4
What is the greatest common factor of 1690 and 23231?
13
Calculate the highest common factor of 668941 and 91.
91
What is the highest common divisor of 1963 and 3133?
13
What is the highest common factor of 785 and 287467?
157
What is the highest common factor of 80084 and 48?
4
What is the greatest common divisor of 32509 and 116?
29
Calculate the greatest common factor of 93596 and 4.
4
What is the highest common factor of 798 and 240882?
114
What is the highest common divisor of 38709 and 161?
23
What is the highest common divisor of 4116 and 114?
6
What is the greatest common divisor of 31 and 372837?
31
What is the highest common factor of 12 and 46083?
3
Calculate the greatest common factor of 816 and 1734.
102
Calculate the greatest common factor of 34 and 332.
2
Calculate the highest common factor of 567 and 36288.
567
What is the highest common factor of 560718 and 36?
18
Calculate the highest common factor of 247 and 982661.
19
Calculate the greatest common factor of 51857 and 13.
13
What is the greatest common factor of 5539 and 25021?
191
Calculate the highest common factor of 354 and 84901.
59
What is the greatest common divisor of 128 and 804928?
64
Calculate the highest common divisor of 70857 and 6.
3
Calculate the highest common divisor of 672880 and 1105.
65
Calculate the highest common factor of 37367 and 43.
43
Calculate the highest common divisor of 720 and 628848.
144
What is the greatest common divisor of 4016 and 753?
251
What is the highest common factor of 52080 and 24920?
280
Calculate the highest common factor of 36579 and 6576.
411
Calculate the highest common factor of 329794 and 15938.
1226
Calculate the highest common divisor of 93975 and 150.
75
Calculate the highest common factor of 17 and 9717761.
17
What is the highest common factor of 4573 and 54607?
269
What is the highest common factor of 1355077 and 674?
337
What is the greatest common divisor of 16343 and 118?
59
What is the greatest common factor of 19 and 232807?
19
What is the highest common factor of 74391 and 362?
181
What is the highest common divisor of 2692 and 116429?
673
What is the greatest common factor of 83 and 99?
1
Calculate the greatest common divisor of 2906 and 50.
2
What is the highest common divisor of 14935 and 103?
103
What is the highest common factor of 65 and 754?
13
Calculate the highest common divisor of 1746022 and 46.
46
What is the highest common factor of 343 and 72583?
7
What is the highest common factor of 8103 and 292?
73
Calculate the greatest common divisor of 152 and 63520.
8
What is the highest common divisor of 515676 and 96?
12
Calculate the highest common factor of 150 and 7938.
6
Calculate the greatest common factor of 32 and 83872.
32
Calculate the greatest common divisor of 1000987 and 507.
169
What is the highest common divisor of 55000 and 100100?
1100
Calculate the highest common divisor of 9882 and 11895.
183
Calculate the greatest common divisor of 44 and 1344332.
44
Calculate the highest common divisor of 1353 and 607948.
451
Calculate the greatest common divisor of 48375 and 3483.
387
Calculate the greatest common divisor of 30 and 319035.
15
What is the greatest common divisor of 3743 and 76?
19
What is the highest common factor of 1 and 4634?
1
What is the greatest common divisor of 93 and 11563?
31
Calculate the greatest common factor of 347 and 1448725.
347
Calculate the highest common divisor of 86 and 113.
1
What is the highest common divisor of 470 and 97810?
10
Calculate the greatest common factor of 9962 and 797546.
586
Calculate the greatest common factor of 564 and 4089.
141
What is the highest common factor of 688 and 15536?
16
Calculate the highest common factor of 261408 and 12.
12
What is the greatest common factor of 1049880 and 48?
24
Calculate the highest common factor of 4726 and 624.
2
What is the highest common divisor of 13377738 and 66?
66
Calculate the highest common divisor of 86903 and 86.
43
What is the greatest common factor of 28420 and 385?
35
What is the greatest common factor of 272 and 5576?
136
What is the greatest common divisor of 575 and 1903825?
575
What is the highest common divisor of 7638 and 82209?
201
Calculate the highest common divisor of 67313 and 19464.
811
Calculate the greatest common divisor of 90 and 7902.
18
What is the highest common factor of 5174 and 85968?
398
Calculate the greatest common divisor of 13861 and 1909.
83
Calculate the highest common divisor of 380045 and 1015.
145
What is the highest common factor of 3366 and 45628?
374
Calculate the greatest common factor of 510 and 112506.
102
Calculate the highest common factor of 1211 and 71103.
173
What is the greatest common factor of 303569 and 357?
119
Calculate the highest common factor of 4356 and 204248.
484
What is the highest common divisor of 36253 and 7?
7
What is the greatest common factor of 204263 and 332?
83
Calculate the greatest common factor of 55 and 686345.
55
What is the greatest common divisor of 118896 and 60?
12
Calculate the highest common factor of 343 and 40523.
49
Calculate the highest common factor of 7718 and 437429.
227
Calculate the highest common factor of 376 and 133762.
94
What is the greatest common divisor of 2670 and 19758?
534
What is the highest common divisor of 3 and 1534092?
3
Calculate the highest common factor of 1054887 and 948.
237
Calculate the greatest common factor